{"id":558,"date":"2017-10-16T21:38:19","date_gmt":"2017-10-16T19:38:19","guid":{"rendered":"http:\/\/eglisethaborrennes.fr\/eglise\/?page_id=558"},"modified":"2020-04-17T20:52:21","modified_gmt":"2020-04-17T18:52:21","slug":"predications","status":"publish","type":"page","link":"http:\/\/eglisethaborrennes.fr\/eglise\/predications\/","title":{"rendered":"Pr\u00e9dications"},"content":{"rendered":"Retrouvez toutes les pr\u00e9dications enregistr\u00e9es dans l&rsquo;Eglise du Thabor, depuis 2013.\r\n\r\n<a href=\"http:\/\/eglisethaborrennes.fr\/eglise\/index.php\/predications\/predications-2020\/\">Pr\u00e9dications 2020<\/a>\r\n<a href=\"http:\/\/eglisethaborrennes.fr\/eglise\/index.php\/predications\/predications-2020\/careme-02-aujourdhui-tu-seras-avec-moi-dans-le-paradis\/\">Car\u00eame 02 \u2013 Aujourd\u2019hui tu seras avec moi dans le Paradis<\/a>\r\n\r\n<a href=\"http:\/\/eglisethaborrennes.fr\/eglise\/index.php\/predications-2019\/\">Pr\u00e9dications 2019<\/a>\r\n<a href=\"http:\/\/eglisethaborrennes.fr\/eglise\/index.php\/predications-2019\/2019-03-17-careme-les-signes-des-temps\/\">2019-03-17 \u2013 Careme \u2013 Les signes des temps<\/a>\r\n<a href=\"http:\/\/eglisethaborrennes.fr\/eglise\/index.php\/predications-2019\/2019-03-24-careme-israel-et-leglise-2\/\">2019-03-24 \u2013 Careme \u2013 Israel et l\u2019Eglise<\/a>\r\n<a href=\"http:\/\/eglisethaborrennes.fr\/eglise\/index.php\/predications-2019\/2019-03-31-careme-le-retour-du-christ\/\">2019-03-31 \u2013 Careme \u2013 Le retour du Christ<\/a>\r\n\r\n<a href=\"http:\/\/eglisethaborrennes.fr\/eglise\/index.php\/predications-2018\/\">Pr\u00e9dications 2018<\/a>\r\n<a href=\"http:\/\/eglisethaborrennes.fr\/eglise\/index.php\/audios-2018\/\">Audios 2018<\/a>\r\n<a href=\"http:\/\/eglisethaborrennes.fr\/eglise\/index.php\/category\/videos-2018\/\">Vid\u00e9os 2018<\/a>\r\n\r\n<a href=\"http:\/\/eglisethaborrennes.fr\/eglise\/index.php\/predications-2017-2\/\">Pr\u00e9dications 2017<\/a>\r\n<a href=\"http:\/\/eglisethaborrennes.fr\/eglise\/index.php\/predications-2017\/\">Audios 2017<\/a>\r\n<a href=\"http:\/\/eglisethaborrennes.fr\/eglise\/index.php\/category\/videos-2017\/\">Vid\u00e9os 2017<\/a>\r\n\r\n<a href=\"http:\/\/eglisethaborrennes.fr\/eglise\/index.php\/predications-2016\/\">Pr\u00e9dications 2016<\/a>\r\n\r\n<a href=\"http:\/\/eglisethaborrennes.fr\/eglise\/index.php\/predications-2015\/\">Pr\u00e9dications 2015<\/a>\r\n\r\n<a href=\"http:\/\/eglisethaborrennes.fr\/eglise\/index.php\/predications-2014\/\">Pr\u00e9dications 2014<\/a>\r\n\r\n<a href=\"http:\/\/eglisethaborrennes.fr\/eglise\/index.php\/predications-2013\/\">Pr\u00e9dications 2013<\/a>\r\n\r\n\r\n\r\n","protected":false},"excerpt":{"rendered":"<p>Retrouvez toutes les pr\u00e9dications enregistr\u00e9es dans l&rsquo;Eglise du Thabor, depuis 2013. Pr\u00e9dications 2020 Car\u00eame 02 \u2013 Aujourd\u2019hui tu seras avec moi dans le Paradis Pr\u00e9dications 2019 2019-03-17 \u2013 Careme \u2013 Les signes des temps 2019-03-24 \u2013 Careme \u2013 Israel et l\u2019Eglise 2019-03-31 \u2013 Careme \u2013 Le retour du Christ Pr\u00e9dications 2018 Audios 2018 Vid\u00e9os 2018 &hellip; <\/p>\n<p class=\"link-more\"><a href=\"http:\/\/eglisethaborrennes.fr\/eglise\/predications\/\" class=\"more-link\">Continuer la lecture<span class=\"screen-reader-text\"> de &laquo;&nbsp;Pr\u00e9dications&nbsp;&raquo;<\/span><\/a><\/p>\n","protected":false},"author":1,"featured_media":0,"parent":0,"menu_order":0,"comment_status":"closed","ping_status":"closed","template":"","meta":{"_mi_skip_tracking":false},"_links":{"self":[{"href":"http:\/\/eglisethaborrennes.fr\/eglise\/wp-json\/wp\/v2\/pages\/558"}],"collection":[{"href":"http:\/\/eglisethaborrennes.fr\/eglise\/wp-json\/wp\/v2\/pages"}],"about":[{"href":"http:\/\/eglisethaborrennes.fr\/eglise\/wp-json\/wp\/v2\/types\/page"}],"author":[{"embeddable":true,"href":"http:\/\/eglisethaborrennes.fr\/eglise\/wp-json\/wp\/v2\/users\/1"}],"replies":[{"embeddable":true,"href":"http:\/\/eglisethaborrennes.fr\/eglise\/wp-json\/wp\/v2\/comments?post=558"}],"version-history":[{"count":10,"href":"http:\/\/eglisethaborrennes.fr\/eglise\/wp-json\/wp\/v2\/pages\/558\/revisions"}],"predecessor-version":[{"id":1604,"href":"http:\/\/eglisethaborrennes.fr\/eglise\/wp-json\/wp\/v2\/pages\/558\/revisions\/1604"}],"wp:attachment":[{"href":"http:\/\/eglisethaborrennes.fr\/eglise\/wp-json\/wp\/v2\/media?parent=558"}],"curies":[{"name":"wp","href":"https:\/\/api.w.org\/{rel}","templated":true}]}}